 a factor of 1033177348?
True
Is 6320 a factor of 193076000?
True
Is 89599978 a multiple of 929?
False
Is 77 a factor of 3976597?
False
Is 8762435 a multiple of 5?
True
Is 273958021 a multiple of 5177?
False
Is 1316765890 a multiple of 6?
False
Is 536359980 a multiple of 5312?
False
Does 12 divide 894065238?
False
Does 2599 divide 368157368?
False
Is 195 a factor of 1310480262?
False
Is 575 a factor of 1561170222?
False
Does 108 divide 56633797?
False
Is 3337031 a multiple of 53?
False
Does 2808 divide 631898044?
False
Is 82 a factor of 121789762?
True
Is 654941974 a multiple of 46?
True
Is 40426118 a multiple of 371?
False
Is 2749538 a multiple of 22?
True
Is 17457698 even?
True
Is 215 a factor of 1006608285?
True
Does 283 divide 3144806653?
True
Is 71 a factor of 40057460?
False
Is 58874770 a multiple of 16?
False
Is 412080906 a multiple of 237?
True
Is 1188 a factor of 319288068?
True
Is 574 a factor of 294726614?
True
Does 474 divide 876913428?
False
Does 8 divide 17135018?
False
Is 1519 a factor of 17500544?
False
Is 6602200 a multiple of 550?
True
Is 579610302 a multiple of 723?
True
Does 3 divide 5987670?
True
Is 7 a factor of 385043904?
True
Is 201192450 a multiple of 771?
True
Does 177 divide 17412010?
False
Is 70 a factor of 130767502?
False
Is 4 a factor of 126823148?
True
Does 4 divide 7360163?
False
Is 2206849071 a multiple of 3684?
False
Is 1082875192 a multiple of 8948?
False
Is 1339 a factor of 1924981214?
True
Is 1595714660 a multiple of 16?
False
Does 242 divide 177546222?
False
Is 337990597 a multiple of 98?
False
Is 188 a factor of 13075623?
False
Does 24 divide 335478824?
False
Does 169 divide 261274338?
True
Does 477 divide 23202711?
True
Is 16 a factor of 4995741783?
False
Is 207289807 a multiple of 16?
False
Is 112 a factor of 724014816?
True
Does 220 divide 266289760?
True
Does 72 divide 1339000992?
True
Does 113 divide 58707003?
True
Is 21 a factor of 58075202?
False
Is 153283400 a multiple of 16?
False
Is 475 a factor of 316369514?
False
Is 5349332 a multiple of 3?
False
Does 371 divide 28013839?
True
Is 903 a factor of 27254346?
True
Is 10 a factor of 64601910?
True
Is 931102 a multiple of 9?
False
Does 68 divide 4597412?
True
Is 302730201 a multiple of 3042?
False
Is 281014440 a multiple of 12?
True
Does 22 divide 14276443?
False
Is 12050896 a multiple of 46?
True
Does 459 divide 10365886?
False
Is 14281553 a multiple of 79?
False
Is 272 a factor of 105145724?
False
Is 5364 a factor of 463963958?
False
Is 60268140 a multiple of 90?
True
Is 14 a factor of 66352560?
False
Is 9991617 a multiple of 472?
False
Does 35 divide 11606497?
False
Is 39 a factor of 551635032?
True
Is 7 a factor of 467932890?
False
Is 202766729 a multiple of 505?
False
Is 1074 a factor of 1536012911?
False
Is 3 a factor of 813210?
True
Is 100097491 a multiple of 927?
False
Is 69962589 a multiple of 953?
True
Is 87 a factor of 105809661?
True
Is 2 a factor of 15889381?
False
Is 21449000 a multiple of 200?
True
Is 21057510 a multiple of 190?
True
Is 12 a factor of 34732708?
False
Does 498 divide 271888578?
True
Is 64 a factor of 504734784?
True
Does 5478 divide 1685499550?
False
Is 449 a factor of 4525594?
False
Is 96366672 a multiple of 54?
True
Is 15 a factor of 403392594?
False
Does 39 divide 2424560704?
False
Is 219958050 a multiple of 257?
False
Is 3000 a factor of 45274014?
False
Is 9 a factor of 388661544?
True
Is 6 a factor of 204639240?
True
Does 434 divide 27453627?
False
Is 565513856 a multiple of 64?
True
Is 2258967554 a multiple of 100?
False
Is 161 a factor of 57965096?
False
Is 28433968 a multiple of 1192?
True
Is 24394326 a multiple of 66?
True
Is 191773981 a multiple of 15?
False
Does 36 divide 363534027?
False
Is 26400425 even?
False
Is 2174170767 a multiple of 263?
True
Is 312588620 a multiple of 547?
True
Is 3730697137 a multiple of 373?
True
Does 29 divide 700824893?
False
Does 1834 divide 85260826?
True
Is 29 a factor of 50062584?
True
Is 193 a factor of 2101649309?
False
Does 21 divide 3423672?
True
Is 53429830 a multiple of 2892?
False
Does 322 divide 298013254?
True
Is 3662 a factor of 197315884?
True
Is 70478602 a multiple of 389?
False
Does 1792 divide 19127485?
False
Is 2629 a factor of 91858566?
False
Is 98706953 a multiple of 292?
False
Is 7 a factor of 88363121?
True
Is 2 a factor of 37883619?
False
Is 25 a factor of 1595365450?
True
Is 314394 a multiple of 69?
False
Is 1829140819 a multiple of 227?
False
Does 121 divide 23845833?
True
Is 148 a factor of 80003916?
True
Is 16 a factor of 183732903?
False
Is 4378 a factor of 2236560052?
False
Is 1502 a factor of 7098733288?
False
Is 154 a factor of 566859062?
True
Does 69 divide 1327883610?
True
Is 270 a factor of 513103680?
True
Is 413059817 a multiple of 292?
False
Does 1956 divide 139701432?
True
Is 138099471 a multiple of 93?
False
Does 73 divide 36717029?
True
Does 77 divide 217876813?
True
Is 27029885 a multiple of 29?
True
Is 74680511 a multiple of 4?
False
Does 628 divide 893010976?
True
Does 8 divide 844381513?
False
Does 3 divide 25247847?
True
Is 145 a factor of 14518778?
False
Does 114 divide 47855034?
True
Does 575 divide 29429874?
False
Is 1279 a factor of 296882759?
True
Does 364 divide 7716072?
True
Is 266944998 a multiple of 56?
False
Is 185676471 a multiple of 717?
True
Does 64 divide 409137792?
True
Is 3048 a factor of 384060192?
True
Does 24 divide 302753509?
False
Is 45 a factor of 508939?
False
Is 14 a factor of 6851664?
False
Does 9 divide 83656840?
False
Is 9432583 a multiple of 11?
False
Is 450196621 a multiple of 19?
True
Is 126938987 a multiple of 1456?
False
Does 156 divide 12081420?
True
Is 1623 a factor of 203619957?
True
Is 111234041 a multiple of 7?
False
Does 118 divide 812436608?
True
Is 5 a factor of 4743130?
True
Does 117 divide 1158711355?
False
Is 425670976 a multiple of 334?
True
Is 58539330 a multiple of 56?
False
Does 75 divide 2637477?
False
Does 1633 divide 25935761?
False
Does 299 divide 12204822?
False
Is 406 a factor of 443878988?
True
Is 224928328 a multiple of 37?
True
Does 231 divide 367658445?
True
Is 25 a factor of 24517879?
False
Is 37 a factor of 672368181?
True
Does 124 divide 14021920?
True
Does 2490 divide 17803500?
True
Does 111 divide 21478387?
False
Is 104 a factor of 1948836760?
True
Is 407 a factor of 3309056520?
True
Does 22 divide 736006189?
False
Is 21 a factor of 2628827958?
False
Does 455 divide 6947811?
False
Does 6 divide 7184186?
False
Does 12 divide 29949624?
True
Is 2227048650 a multiple of 18?
True
Is 7749920 a multiple of 20?
True
Does 25 divide 1078899975?
True
Is 492820777 a multiple of 688?
False
Is 807877144 a multiple of 17?
False
Is 16029639 a multiple of 426?
False
Does 9 divide 313326141?
False
Does 1135 divide 871600?
False
Is 12 a factor of 2523643098?
False
Is 1814 a factor of 31586204?
False
Is 262 a factor of 131817707?
False
Does 75 divide 6521850?
True
Is 151 a factor of 40446873?
False
Is 6596813 a multiple of 10?
False
Is 2628110772 a multiple of 252?
True
Is 220 a factor of 81987180?
True
Is 50284010 a multiple of 9?
False
Is 521 a factor of 11501075?
True
Is 144 a factor of 32997523?
False
Is 4152 a factor of 768768545?
False
Does 517 divide 40854891?
True
Is 643 a factor of 590223058?
False
Is 2204832929 a multiple of 27?
False
Does 132 divide 770611512?
True
Is 146 a factor of 8195856?
True
Is 152 a factor of 211448720?
True
Is 2 a factor of 478659?
False
Is 130802496 a multiple of 33?
True
Does 33 divide 673969797?
False
Is 62 a factor of 364862374?
True
Does 619 divide 6037726?
True
Does 175 divide 3329550?
True
Is 135 a factor of 339397516?
False
Is 3882 a factor of 1101754635?
False
Is 98 a factor of 1348437664?
True
Does 70 divide 459630430?
True
Is 807169890 a multiple of 71?
True
Is 1498 a factor of 42219088?
False
Is 678601812 a multiple of 1491?
True
Is 3036 a factor of 250564116?
True
Is 3406 a factor of 372958921?
False
Is 91418633 a multiple of 1627?
False
Is 596280913 a multiple of 104?
False
Is 15 a factor of 420554265?
True
Is 7 a factor of 1301332?
False
Is 35558118 a multiple of 17?
True
Is 85109438 a multiple of 27?
False
Is 1842 a factor of 1368036822?
True
Does 139 divide 1451353627?
True
Does 13 divide 12734371?
True
Is 1834 a factor of 41443031?
Fal